Is 20477 a prime number?
True
Is 62273 a prime number?
True
Is 223361 a prime number?
True
Is 77905 composite?
True
Is 271555 a prime number?
False
Is 54931 composite?
True
Is 3166271 composite?
False
Is 72749 a prime number?
False
Is 1008681 a composite number?
True
Is 26749 a composite number?
True
Is 7717 composite?
False
Is 118741 prime?
False
Is 3643 prime?
True
Is 46021 a composite number?
False
Is 14159 composite?
False
Is 2942 prime?
False
Is 3287 a composite number?
True
Is 43369 a composite number?
True
Is 863 a composite number?
False
Is 231409 a prime number?
True
Is 29933 prime?
False
Is 19231 prime?
True
Is 65519 prime?
True
Is 101939 prime?
True
Is 52951 a composite number?
False
Is 1709 composite?
False
Is 218 composite?
True
Is 26669 a composite number?
False
Is 11593 prime?
True
Is 42529 a prime number?
False
Is 7711 composite?
True
Is 123361 prime?
False
Is 81841 a composite number?
True
Is 1755599 a composite number?
False
Is 58889 composite?
False
Is 177467 prime?
True
Is 2586993 a composite number?
True
Is 59921 a composite number?
False
Is 38149 prime?
True
Is 401 prime?
True
Is 166679 a prime number?
True
Is 480218 a prime number?
False
Is 11735 composite?
True
Is 564089 a composite number?
False
Is 80489 a composite number?
False
Is 431017 prime?
True
Is 81647 a composite number?
False
Is 60389 prime?
False
Is 18839 a prime number?
True
Is 42305 a composite number?
True
Is 149857 a prime number?
False
Is 47789 prime?
False
Is 1529357 prime?
True
Is 163703 a prime number?
False
Is 3659 prime?
True
Is 76771 a prime number?
True
Is 19661 a prime number?
True
Is 4535 a prime number?
False
Is 49613 prime?
True
Is 1639 composite?
True
Is 4439041 composite?
True
Is 75571 prime?
True
Is 110527 composite?
False
Is 162493 a composite number?
False
Is 76421 a prime number?
True
Is 54079 composite?
True
Is 1187 a prime number?
True
Is 30773 prime?
True
Is 13042 a prime number?
False
Is 491 a composite number?
False
Is 2453 a composite number?
True
Is 10133 composite?
False
Is 118019 a prime number?
False
Is 58207 a prime number?
True
Is 17165 composite?
True
Is 235439 composite?
False
Is 41939 a prime number?
False
Is 254245 composite?
True
Is 6521 prime?
True
Is 77381 prime?
False
Is 34187 a prime number?
False
Is 6001 a composite number?
True
Is 5069 prime?
False
Is 1657 prime?
True
Is 119783 prime?
True
Is 21341 composite?
False
Is 737 composite?
True
Is 222641 composite?
True
Is 14395 a composite number?
True
Is 23419 composite?
True
Is 2699 composite?
False
Is 6499 a prime number?
False
Is 950921 composite?
False
Is 279499 a prime number?
False
Is 75059 composite?
True
Is 236921 composite?
True
Is 120541 a prime number?
False
Is 46581 prime?
False
Is 19531 a composite number?
False
Is 485 prime?
False
Is 103078 composite?
True
Is 29247 a composite number?
True
Is 6101 a composite number?
False
Is 14591 a composite number?
False
Is 8203 composite?
True
Is 460778 a prime number?
False
Is 139235 composite?
True
Is 693317 a composite number?
False
Is 59051 a composite number?
False
Is 95801 a composite number?
False
Is 853607 a prime number?
False
Is 179917 a composite number?
False
Is 1541117 prime?
True
Is 133918 prime?
False
Is 57643 prime?
False
Is 9442 a composite number?
True
Is 449 prime?
True
Is 496021 prime?
False
Is 4969 prime?
True
Is 2517 a composite number?
True
Is 8929 prime?
True
Is 1757 a prime number?
False
Is 90331 a prime number?
False
Is 1583999 a prime number?
True
Is 34913 prime?
True
Is 21341 a composite number?
False
Is 544823 a prime number?
False
Is 2773 prime?
False
Is 11959 a prime number?
True
Is 86809 a composite number?
True
Is 108349 a composite number?
True
Is 861613 prime?
True
Is 14281 composite?
False
Is 683 a composite number?
False
Is 23839 prime?
False
Is 1359079 composite?
True
Is 132103 prime?
True
Is 228181 a composite number?
False
Is 1535 prime?
False
Is 10061 a composite number?
False
Is 493369 a prime number?
True
Is 63871 composite?
True
Is 1367 composite?
False
Is 35761 a prime number?
False
Is 27689 prime?
True
Is 10727 composite?
True
Is 25391 a composite number?
False
Is 15839 a composite number?
True
Is 295 a prime number?
False
Is 8419 a prime number?
True
Is 24277 a prime number?
False
Is 49547 prime?
True
Is 8923 composite?
False
Is 541 a composite number?
False
Is 13649 a composite number?
False
Is 1046237 composite?
False
Is 73001 prime?
False
Is 23773 composite?
False
Is 2274617 composite?
True
Is 551 a composite number?
True
Is 2155 composite?
True
Is 1574 a prime number?
False
Is 4559 a composite number?
True
Is 4997 a composite number?
True
Is 149603 a composite number?
False
Is 1333763 a composite number?
True
Is 2833 a composite number?
False
Is 75389 composite?
False
Is 72577 prime?
True
Is 179071 a composite number?
True
Is 369319 a prime number?
True
Is 1293553 composite?
False
Is 363877 prime?
False
Is 1965257 a prime number?
False
Is 1881371 composite?
True
Is 4829 a prime number?
False
Is 137317 a prime number?
False
Is 7411 composite?
False
Is 28387 composite?
False
Is 48086 a composite number?
True
Is 324237 a prime number?
False
Is 146359 composite?
False
Is 13306 a prime number?
False
Is 469363 prime?
True
Is 7649 a prime number?
True
Is 62029 a prime number?
False
Is 42043 composite?
False
Is 122939 a composite number?
False
Is 1779 a prime number?
False
Is 560257 a composite number?
True
Is 77179 a composite number?
True
Is 2705 composite?
True
Is 101899 a prime number?
False
Is 101819 prime?
False
Is 605411 a composite number?
False
Is 8741 composite?
False
Is 2129 prime?
True
Is 55565 a prime number?
False
Is 263251 composite?
True
Is 19289 prime?
True
Is 91883 composite?
True
Is 746 a composite number?
True
Is 445171 composite?
True
Is 184709 prime?
False
Is 5939 prime?
True
Is 12929 a prime number?
False
Is 278557 a composite number?
False
Is 709 a prime number?
True
Is 221389 composite?
True
Is 274811 prime?
True
Is 13649 prime?
True
Is 7279 composite?
True
Is 142309 a composite number?
True
Is 156007 prime?
True
Is 143363 prime?
False
Is 4981 prime?
False
Is 273857 composite?
False
Is 65761 prime?
True
Is 23597 a composite number?
True
Is 9413 composite?
False
Is 1466839 composite?
True
Is 195695 a prime number?
False
Is 73291 a prime number?
True
Is 1283 a prime number?
True
Is 23761 a prime number?
True
Is 1621 a composite number?
False
Is 956051 composite?
False
Is 167521 prime?
True
Is 24019 composite?
False
Is 272063 a prime number?
False
Is 137239 prime?
True
Is 51583 a prime number?
False
Is 5359 prime?
False
Is 22471 composite?
True
Is 148531 composite?
False
Is 508985 composite?
True
Is 1179787 a prime number?
False
Is 77465 a composite number?
True
Is 122347 prime?
True
Is 1399 a prime number?
True
Is 20161 a composite number?
False
Is 18041 composite?
False
Is 7861 prime?
False
Is 838 a prime number?
False
Is 483335 a composite number?
True
Is 93371 prime?
True
Is 1363259 a composite number?
False
Is 8885 a composite number?
True
Is 92117 a prime number?
False
Is 87691 prime?
True
Is 140713 a composite number?
True
Is 2107361 a composite number?
False
Is 65647 composite?
False
Is 26434 a composite number?
True
Is 1409 a prime number?
True
Is 969287 composite?
True
Is 243301 composite?
False
Is 9733 a composite number?
False
Is 683491 prime?
False
Is 8737 prime?
True
Is 1759 prime?
True
Is 109279 a composite number?
False
Is 1101 a prime number?
False
Is 12589 prime?
True
Is 1050421 prime?
True
Is 4153 a composite number?
False
Is 53401 composite?
False
Is 77839 composite?
False
Is 422129 composite?
False
Is 9647 prime?
False
Is 55371 a composite number?
True
Is 1461973 composite?
False
Is 1049 composite?
False
Is 33547 prime?
True
Is 314149 a prime number?
False
Is 134009 a composite number?
True
Is 3611 prime?
False
Is 96071 a prime number?
False
Is 840937 prime?
False
Is 20987 composite?
True
Is 468353 a prime number?
True
Is 23603 a prime number?
True
Is 1867 a composite number?
False
Is 866513 a prime number?
True
Is 147419 composite?
False
Is 109799 a composite number?
True
Is 133681 composite?
True
Is 2819 a composite number?
False
Is 7606 a prime number?
False
Is 478913 a composite number?
False
Is 17373 prime?
False
Is 4193 a 